{"id":1015,"date":"2024-06-03T16:05:28","date_gmt":"2024-06-03T16:05:28","guid":{"rendered":"https:\/\/anatoliapanipan.ro\/index.php\/services\/"},"modified":"2024-06-04T05:19:27","modified_gmt":"2024-06-04T05:19:27","slug":"services","status":"publish","type":"page","link":"https:\/\/realpancomplet.ro\/?page_id=1015","title":{"rendered":"Services"},"content":{"rendered":"\r\n<div class=\"wp-block-uagb-container uagb-block-f8701fd6 alignfull uagb-is-root-container\">\r\n<div class=\"uagb-container-inner-blocks-wrap\">\r\n<div class=\"wp-block-uagb-advanced-heading uagb-block-936b863a\">\r\n<p class=\"uagb-desc-text\">Descoper\u0103<\/p>\r\n<h1 class=\"uagb-heading-text\">Servicii de panifica\u0163ie delicioase pentru tine<\/h1>\r\n<\/div>\r\n<\/div>\r\n<\/div>\r\n\r\n\r\n\r\n<div class=\"wp-block-uagb-container uagb-block-8a6a23e9 alignfull uagb-is-root-container\">\r\n<div class=\"uagb-container-inner-blocks-wrap\">\r\n<div class=\"wp-block-uagb-container uagb-layout-flex uagb-block-5586bdd9\">\r\n<div class=\"wp-block-uagb-container uagb-block-37441e13\">\r\n<div class=\"wp-block-uagb-image uagb-block-e5f6227b wp-block-uagb-image--layout-default wp-block-uagb-image--effect-static wp-block-uagb-image--align-none\">\r\n<figure class=\"wp-block-uagb-image__figure\"><img fetchpriority=\"high\" decoding=\"async\" class=\"uag-image-19\" title=\"services-img-01\" role=\"img\" src=\"https:\/\/anatoliapanipan.ro\/wp-content\/uploads\/2024\/06\/pexels-photo-1755788.jpeg\" sizes=\"(max-width: 480px) 150px\" srcset=\"https:\/\/anatoliapanipan.ro\/wp-content\/uploads\/2024\/06\/pexels-photo-1755788.jpeg ,https:\/\/anatoliapanipan.ro\/wp-content\/uploads\/2024\/06\/pexels-photo-1755788.jpeg 780w, https:\/\/anatoliapanipan.ro\/wp-content\/uploads\/2024\/06\/pexels-photo-1755788.jpeg 360w\" alt=\"\" width=\"480\" height=\"450\" \/><\/figure>\r\n<\/div>\r\n<\/div>\r\n\r\n\r\n\r\n<div class=\"wp-block-uagb-info-box uagb-block-93eaca16 uagb-infobox__content-wrap  uagb-infobox-icon-above-title uagb-infobox-image-valign-top wp-block-uagb-info-box--has-margin\">\r\n<div class=\"uagb-infobox-margin-wrapper\">\r\n<div class=\"uagb-ifb-content\">\r\n<div class=\"uagb-ifb-title-wrap\">\r\n<p class=\"uagb-ifb-title-prefix\">01<\/p>\r\n<h2 class=\"uagb-ifb-title\">P\u00e2ine proasp\u0103t\u0103<\/h2>\r\n<\/div>\r\n<p class=\"uagb-ifb-desc\">Descoper\u0103 o gam\u0103 larg\u0103 de p\u00e2ine, de la clasic\u0103 la specialit\u0103\u021bi cu semin\u021be \u0219i mirodenii, toate coapte \u00een cuptorul nostru tradi\u021bional.<\/p>\r\n<\/div>\r\n<\/div>\r\n<\/div>\r\n<\/div>\r\n\r\n\r\n\r\n<div class=\"wp-block-uagb-container uagb-layout-flex uagb-block-3a1fd4e3\">\r\n<div class=\"wp-block-uagb-info-box uagb-block-bf53505e uagb-infobox__content-wrap  uagb-infobox-icon-above-title uagb-infobox-image-valign-top wp-block-uagb-info-box--has-margin\">\r\n<div class=\"uagb-infobox-margin-wrapper\">\r\n<div class=\"uagb-ifb-content\">\r\n<div class=\"uagb-ifb-title-wrap\">\r\n<p class=\"uagb-ifb-title-prefix\">02<\/p>\r\n<h2 class=\"uagb-ifb-title\">Produse de patiserie<\/h2>\r\n<\/div>\r\n<p class=\"uagb-ifb-desc\">Bucur\u0103-te de croissante fragede, pl\u0103cinte cu diverse umpluturi \u0219i cozonaci pufo\u0219i, preparate cu ingrediente proaspete \u0219i pasiune pentru tradi\u021bia gustului autentic.<\/p>\r\n<\/div>\r\n<\/div>\r\n<\/div>\r\n\r\n\r\n\r\n<div class=\"wp-block-uagb-container uagb-block-5ef83611\">\r\n<div class=\"wp-block-uagb-image alignleft uagb-block-3f5c1b4f wp-block-uagb-image--layout-default wp-block-uagb-image--effect-static wp-block-uagb-image--align-left\">\r\n<figure class=\"wp-block-uagb-image__figure\"><img decoding=\"async\" class=\"uag-image-20\" title=\"services-img-02\" role=\"img\" src=\"https:\/\/anatoliapanipan.ro\/wp-content\/uploads\/2024\/06\/pexels-photo-4913457.jpeg\" sizes=\"(max-width: 480px) 150px\" srcset=\"https:\/\/anatoliapanipan.ro\/wp-content\/uploads\/2024\/06\/pexels-photo-4913457.jpeg ,https:\/\/anatoliapanipan.ro\/wp-content\/uploads\/2024\/06\/pexels-photo-4913457.jpeg 780w, https:\/\/anatoliapanipan.ro\/wp-content\/uploads\/2024\/06\/pexels-photo-4913457.jpeg 360w\" alt=\"\" width=\"560\" height=\"450\" \/><\/figure>\r\n<\/div>\r\n<\/div>\r\n<\/div>\r\n\r\n\r\n\r\n<div class=\"wp-block-uagb-container uagb-layout-flex uagb-block-0a74975e\">\r\n<div class=\"wp-block-uagb-container uagb-block-fb4546e7\">\r\n<div class=\"wp-block-uagb-image uagb-block-97cdd898 wp-block-uagb-image--layout-default wp-block-uagb-image--effect-static wp-block-uagb-image--align-none\">\r\n<figure class=\"wp-block-uagb-image__figure\"><img decoding=\"async\" class=\"uag-image-21\" title=\"services-img-03\" role=\"img\" src=\"https:\/\/anatoliapanipan.ro\/wp-content\/uploads\/2024\/06\/pexels-photo-7966005.jpeg\" sizes=\"(max-width: 480px) 150px\" srcset=\"https:\/\/anatoliapanipan.ro\/wp-content\/uploads\/2024\/06\/pexels-photo-7966005.jpeg ,https:\/\/anatoliapanipan.ro\/wp-content\/uploads\/2024\/06\/pexels-photo-7966005.jpeg 780w, https:\/\/anatoliapanipan.ro\/wp-content\/uploads\/2024\/06\/pexels-photo-7966005.jpeg 360w\" alt=\"\" width=\"560\" height=\"450\" \/><\/figure>\r\n<\/div>\r\n<\/div>\r\n\r\n\r\n\r\n<div class=\"wp-block-uagb-info-box uagb-block-cc44539a uagb-infobox__content-wrap  uagb-infobox-icon-above-title uagb-infobox-image-valign-top wp-block-uagb-info-box--has-margin\">\r\n<div class=\"uagb-infobox-margin-wrapper\">\r\n<div class=\"uagb-ifb-content\">\r\n<div class=\"uagb-ifb-title-wrap\">\r\n<p class=\"uagb-ifb-title-prefix\">03<\/p>\r\n<h2 class=\"uagb-ifb-title\">Gust\u0103ri rapide<\/h2>\r\n<\/div>\r\n<p class=\"uagb-ifb-desc\">Oferta noastr\u0103 include produse rapide \u0219i gustoase precum sandvi\u0219uri proaspete, covrigi moi sau cornuri cu arome variate, ideale pentru o r\u0103sf\u0103\u021bare pe fug\u0103.<\/p>\r\n<\/div>\r\n<\/div>\r\n<\/div>\r\n<\/div>\r\n\r\n\r\n\r\n<div class=\"wp-block-uagb-container uagb-layout-flex uagb-block-6de3eef5\">\r\n<div class=\"wp-block-uagb-info-box uagb-block-1e31776b uagb-infobox__content-wrap  uagb-infobox-icon-above-title uagb-infobox-image-valign-top wp-block-uagb-info-box--has-margin\">\r\n<div class=\"uagb-infobox-margin-wrapper\">\r\n<div class=\"uagb-ifb-content\">\r\n<div class=\"uagb-ifb-title-wrap\">\r\n<p class=\"uagb-ifb-title-prefix\">04<\/p>\r\n<h2 class=\"uagb-ifb-title\">Produse personalizate<\/h2>\r\n<\/div>\r\n<p class=\"uagb-ifb-desc\">Dore\u0219ti ceva special? Oferim posibilitatea de a personaliza torturi, pl\u0103cinte sau alte produse de patiserie dup\u0103 preferin\u021bele tale. Contacteaz\u0103-ne pentru a discuta op\u021biunile disponibile.<\/p>\r\n<\/div>\r\n<\/div>\r\n<\/div>\r\n\r\n\r\n\r\n<div class=\"wp-block-uagb-container uagb-block-54bf1718\">\r\n<div class=\"wp-block-uagb-image alignleft uagb-block-bef9fe32 wp-block-uagb-image--layout-default wp-block-uagb-image--effect-static wp-block-uagb-image--align-left\">\r\n<figure class=\"wp-block-uagb-image__figure\"><img loading=\"lazy\" decoding=\"async\" class=\"uag-image-22\" title=\"services-img-04\" role=\"img\" src=\"https:\/\/anatoliapanipan.ro\/wp-content\/uploads\/2024\/06\/pexels-photo-4946407.jpeg\" sizes=\"(max-width: 480px) 150px\" srcset=\"https:\/\/anatoliapanipan.ro\/wp-content\/uploads\/2024\/06\/pexels-photo-4946407.jpeg ,https:\/\/anatoliapanipan.ro\/wp-content\/uploads\/2024\/06\/pexels-photo-4946407.jpeg 780w, https:\/\/anatoliapanipan.ro\/wp-content\/uploads\/2024\/06\/pexels-photo-4946407.jpeg 360w\" alt=\"\" width=\"560\" height=\"450\" \/><\/figure>\r\n<\/div>\r\n<\/div>\r\n<\/div>\r\n<\/div>\r\n<\/div>\r\n\r\n\r\n\n<div class=\"wp-block-uagb-container uagb-block-6ee77abc alignfull uagb-is-root-container\"><div class=\"uagb-container-inner-blocks-wrap\">\n<div class=\"wp-block-uagb-info-box uagb-block-70f4457e uagb-infobox__content-wrap  uagb-infobox-icon-above-title uagb-infobox-image-valign-top wp-block-uagb-info-box--has-margin\"><div class=\"uagb-infobox-margin-wrapper\"><div class=\"uagb-ifb-content\"><div class=\"uagb-ifb-title-wrap\"><p class=\"uagb-ifb-title-prefix\">Al\u0103tur\u0103-te nou\u0103<\/p><h2 class=\"uagb-ifb-title\">Bucur\u0103-te de produsele noastre unice acum!<\/h2><\/div><p class=\"uagb-ifb-desc\">Fii parte din familia RealpanComplet \u0219i descoper\u0103 aromele noastre autentice \u0219i delicioase.<\/p><div class=\"uagb-ifb-button-wrapper wp-block-button\"><a href=\"\/contact\/\" class=\"uagb-infobox-cta-link wp-block-button__link\" target=\"_self\" rel=\"noopener noreferrer\" onclick=\"return true;\" alt=\"\"><span class=\"uagb-inline-editing\">Alege acum<\/span><\/a><\/div><\/div><\/div><\/div>\n<\/div><\/div>\n","protected":false},"excerpt":{"rendered":"<p>Descoper\u0103 Servicii de panifica\u0163ie delicioase pentru tine<\/p>\n","protected":false},"author":1,"featured_media":27,"parent":0,"menu_order":0,"comment_status":"closed","ping_status":"closed","template":"","meta":{"_uag_custom_page_level_css":"","site-sidebar-layout":"default","site-content-layout":"","ast-site-content-layout":"default","site-content-style":"default","site-sidebar-style":"default","ast-global-header-display":"","ast-banner-title-visibility":"","ast-main-header-display":"","ast-hfb-above-header-display":"","ast-hfb-below-header-display":"","ast-hfb-mobile-header-display":"","site-post-title":"disabled","ast-breadcrumbs-content":"","ast-featured-img":"","footer-sml-layout":"","theme-transparent-header-meta":"default","adv-header-id-meta":"","stick-header-meta":"","header-above-stick-meta":"","header-main-stick-meta":"","header-below-stick-meta":"","astra-migrate-meta-layouts":"set","ast-page-background-enabled":"default","ast-page-background-meta":{"desktop":{"background-color":"var(--ast-global-color-4)","background-image":"","background-repeat":"repeat","background-position":"center center","background-size":"auto","background-attachment":"scroll","background-type":"","background-media":"","overlay-type":"","overlay-color":"","overlay-opacity":"","overlay-gradient":""},"tablet":{"background-color":"","background-image":"","background-repeat":"repeat","background-position":"center center","background-size":"auto","background-attachment":"scroll","background-type":"","background-media":"","overlay-type":"","overlay-color":"","overlay-opacity":"","overlay-gradient":""},"mobile":{"background-color":"","background-image":"","background-repeat":"repeat","background-position":"center center","background-size":"auto","background-attachment":"scroll","background-type":"","background-media":"","overlay-type":"","overlay-color":"","overlay-opacity":"","overlay-gradient":""}},"ast-content-background-meta":{"desktop":{"background-color":"var(--ast-global-color-5)","background-image":"","background-repeat":"repeat","background-position":"center center","background-size":"auto","background-attachment":"scroll","background-type":"","background-media":"","overlay-type":"","overlay-color":"","overlay-opacity":"","overlay-gradient":""},"tablet":{"background-color":"var(--ast-global-color-5)","background-image":"","background-repeat":"repeat","background-position":"center center","background-size":"auto","background-attachment":"scroll","background-type":"","background-media":"","overlay-type":"","overlay-color":"","overlay-opacity":"","overlay-gradient":""},"mobile":{"background-color":"var(--ast-global-color-5)","background-image":"","background-repeat":"repeat","background-position":"center center","background-size":"auto","background-attachment":"scroll","background-type":"","background-media":"","overlay-type":"","overlay-color":"","overlay-opacity":"","overlay-gradient":""}},"footnotes":""},"class_list":["post-1015","page","type-page","status-publish","has-post-thumbnail","hentry"],"uagb_featured_image_src":{"full":["https:\/\/realpancomplet.ro\/wp-content\/uploads\/2024\/06\/pexels-photo-7175448.jpeg",700,1050,false],"thumbnail":["https:\/\/realpancomplet.ro\/wp-content\/uploads\/2024\/06\/pexels-photo-7175448-150x150.jpeg",150,150,true],"medium":["https:\/\/realpancomplet.ro\/wp-content\/uploads\/2024\/06\/pexels-photo-7175448-200x300.jpeg",200,300,true],"medium_large":["https:\/\/realpancomplet.ro\/wp-content\/uploads\/2024\/06\/pexels-photo-7175448.jpeg",700,1050,false],"large":["https:\/\/realpancomplet.ro\/wp-content\/uploads\/2024\/06\/pexels-photo-7175448-683x1024.jpeg",683,1024,true],"1536x1536":["https:\/\/realpancomplet.ro\/wp-content\/uploads\/2024\/06\/pexels-photo-7175448.jpeg",700,1050,false],"2048x2048":["https:\/\/realpancomplet.ro\/wp-content\/uploads\/2024\/06\/pexels-photo-7175448.jpeg",700,1050,false]},"uagb_author_info":{"display_name":"admin","author_link":"https:\/\/realpancomplet.ro\/?author=1"},"uagb_comment_info":0,"uagb_excerpt":"Descoper\u0103 Servicii de panifica\u0163ie delicioase pentru tine","_links":{"self":[{"href":"https:\/\/realpancomplet.ro\/index.php?rest_route=\/wp\/v2\/pages\/1015","targetHints":{"allow":["GET"]}}],"collection":[{"href":"https:\/\/realpancomplet.ro\/index.php?rest_route=\/wp\/v2\/pages"}],"about":[{"href":"https:\/\/realpancomplet.ro\/index.php?rest_route=\/wp\/v2\/types\/page"}],"author":[{"embeddable":true,"href":"https:\/\/realpancomplet.ro\/index.php?rest_route=\/wp\/v2\/users\/1"}],"replies":[{"embeddable":true,"href":"https:\/\/realpancomplet.ro\/index.php?rest_route=%2Fwp%2Fv2%2Fcomments&post=1015"}],"version-history":[{"count":6,"href":"https:\/\/realpancomplet.ro\/index.php?rest_route=\/wp\/v2\/pages\/1015\/revisions"}],"predecessor-version":[{"id":1064,"href":"https:\/\/realpancomplet.ro\/index.php?rest_route=\/wp\/v2\/pages\/1015\/revisions\/1064"}],"wp:featuredmedia":[{"embeddable":true,"href":"https:\/\/realpancomplet.ro\/index.php?rest_route=\/wp\/v2\/media\/27"}],"wp:attachment":[{"href":"https:\/\/realpancomplet.ro\/index.php?rest_route=%2Fwp%2Fv2%2Fmedia&parent=1015"}],"curies":[{"name":"wp","href":"https:\/\/api.w.org\/{rel}","templated":true}]}}